NOAA-style Climate Reports

   V/Λ SELECT: Month and Year   OR  >   Month
V/Λ2023 > Jan Feb Mar Apr May Jun Jul Aug Sep Oct Nov Dec
V/Λ2022 > Jan Feb Mar Apr May Jun Jul Aug Sep Oct Nov Dec
V/Λ2021 > Jan Feb Mar Apr May Jun Jul Aug Sep Oct Nov Dec
V/Λ2020 > Jan Feb Mar Apr May Jun Jul Aug Sep Oct Nov Dec
V/Λ2019 > Jan Feb Mar Apr May Jun Jul Aug Sep Oct Nov Dec
                   Monthly Climatological Summary for Apr 2023

Name: Beaumaris Weather   City: Beaumaris   State: Tasmania
Elevation: 18 m  Lat: S 41° 25' 41"   Lon: E 148° 16' 21"

                  Temperature (°C), Rain (mm), Wind Speed (km/h)

                                      Heat  Cool        Avg
    Mean                              Deg   Deg         Wind                 Dom
Day Temp  High   Time   Low    Time   Days  Days  Rain  Speed High   Time    Dir
----------------------------------------------------------------------------------
01  11.2  17.6   13:43   6.7   02:42   7.1   0.0   0.0   4.5  24.1   07:40   WSW
02  13.9  20.2   14:53   8.7   05:29   4.7   0.1   0.0   3.6  16.1   03:41   WSW
03  14.4  20.2   13:48   9.3   23:58   4.1   0.2   0.0   4.2  19.3   14:51   NNW
04  14.3  20.0   13:53   7.9   05:50   4.1   0.2   0.0   4.2  24.1   16:13   SSE
05  15.9  19.8   11:22  12.6   06:43   2.6   0.1   0.0   5.8  25.7   11:24   SSE
06  15.9  20.0   12:27  12.4   07:28   2.4   0.0   0.0   3.2  20.9   17:54     N
07  16.1  17.3   03:38  14.9   23:50   2.2   0.0  42.4   2.6  22.5   04:39   SSW
08  14.5  22.0   13:06   8.6   23:56   4.0   0.2   3.5   6.1  46.7   17:48    SW
09  10.8  15.6   11:47   7.3   03:25   7.5   0.0   0.0  10.6  49.9   08:57    SW
10  12.8  17.6   12:50   9.3   01:58   5.5   0.0   0.0  12.8  54.7   07:17   SSW
11  14.4  17.5   10:44  12.3   02:11   3.9   0.0   0.0   5.3  30.6   11:01     S
12  15.1  18.7   13:19   9.8   03:22   3.2   0.0   3.3   5.6  27.4   22:39    SE
13  15.5  18.0   13:06  13.7   20:05   2.8   0.0   3.0   9.1  32.2   12:11   SSE
14  14.4  16.9   15:00  12.5   22:12   3.9   0.0   0.9   3.9  22.5   11:00     S
15  16.0  19.7   12:19  11.7   04:29   2.3   0.0   1.2   5.9  32.2   10:53     N
16  13.7  16.4   00:00   9.2   23:58   4.6   0.0  25.4   2.8  25.7   10:48     W
17  14.2  21.6   15:22   7.2   03:49   4.7   0.5   0.0   5.0  29.0   11:28    NW
18  15.4  20.6   13:28   9.7   05:18   3.2   0.3   0.2   7.3  35.4   17:04   NNW
19  14.1  18.3   12:45   5.7   23:58   4.2   0.0   4.4   6.9  38.6   10:07    NW
20  13.9  20.9   12:34   5.7   00:00   4.7   0.3   0.0   7.0  33.8   11:22   NNW
21  18.0  23.8   14:06  14.6   04:44   1.2   1.0   0.0   3.7  22.5   00:14    NW
22  17.8  24.0   11:52  13.3   23:16   1.6   1.1   0.0   6.2  30.6   15:31    NW
23  12.5  17.7   10:24   8.8   05:14   5.8   0.0   0.0   4.1  25.7   10:25   ENE
24  14.5  21.8   13:32   9.3   00:01   4.3   0.6   0.2   6.1  35.4   10:52   NNW
25  13.9  19.2   14:17   6.6   06:48   4.4   0.0   0.2   2.8  17.7   23:04   WNW
26  16.2  23.9   15:14  10.6   07:18   2.8   0.7   0.0   4.1  20.9   23:49   NNW
27  17.8  23.4   12:51  14.6   23:58   1.1   0.7   1.2   8.4  49.9   15:00   NNW
28  15.8  20.9   11:21  11.9   23:58   2.8   0.3   1.4   7.4  49.9   12:20   NNW
29  12.2  17.8   13:15   7.6   06:25   6.1   0.0   0.0   4.0  19.3   02:23    NW
30  11.3  17.8   13:11   6.3   02:58   7.0   0.0   0.0   4.5  17.7   03:49   NNW
----------------------------------------------------------------------------------
    14.6  24.0    22     5.7    19   118.8   6.3  87.3   5.6  54.7    10     WNW

Max >=  27.0  0
Max <=   0.0  0
Min <=   0.0  0
Min <= -18.0  0
Max Rain: 42.4 on day 7
Days of Rain: 13 (>= 0.2 mm)  6 (>= 2.0 mm)  2 (>= 20.0 mm)
Heat Base: 18.3  Cool Base: 18.3  Method: Integration
This information is automatically generated, is not quality controlled and may not update in a timely manner. You accept all risks and responsibility for losses, damages, costs and other consequences resulting directly or indirectly from using this site and any information or material available from it. Tide data is not to be used for the purpose of port operation or general navigation..

Powered by Davis Vantage Pro2 (6163AU)  and   CumulusMX   v 3.27.1 (b3263)   MXUI Template v 2.2.4 by  Silver Acorn     Valid HTML5   Cumulus Top Sites

BOM