NOAA-style Climate Reports

   V/Λ SELECT: Month and Year   OR  >   Month
V/Λ2024 > Jan Feb Mar Apr May Jun Jul Aug Sep Oct Nov Dec
V/Λ2023 > Jan Feb Mar Apr May Jun Jul Aug Sep Oct Nov Dec
V/Λ2022 > Jan Feb Mar Apr May Jun Jul Aug Sep Oct Nov Dec
V/Λ2021 > Jan Feb Mar Apr May Jun Jul Aug Sep Oct Nov Dec
V/Λ2020 > Jan Feb Mar Apr May Jun Jul Aug Sep Oct Nov Dec
V/Λ2019 > Jan Feb Mar Apr May Jun Jul Aug Sep Oct Nov Dec
                   Monthly Climatological Summary for Jun 2024

Name: Beaumaris Weather   City: Beaumaris   State: Tasmania
Elevation: 18 m  Lat: S 41° 25' 44"   Lon: E 148° 16' 18"

                  Temperature (°C), Rain (mm), Wind Speed (km/h)

                                      Heat  Cool        Avg
    Mean                              Deg   Deg         Wind                 Dom
Day Temp  High   Time   Low    Time   Days  Days  Rain  Speed High   Time    Dir
----------------------------------------------------------------------------------
01   8.0  13.8   12:10   4.1   04:04  10.3   0.0   0.0   4.5  19.3   15:38   WSW
02   8.9  12.5   13:31   4.2   03:43   9.4   0.0   0.0   8.6  40.2   23:34    SW
03  13.4  15.4   14:19  11.1   04:40   4.9   0.0  26.2  15.0  66.0   02:05     S
04  13.5  17.3   12:15   9.8   19:36   4.8   0.0   3.6   2.8  22.5   00:40    SW
05  11.3  15.3   13:12   8.7   20:29   7.0   0.0   0.0   4.7  30.6   14:33     S
06  12.0  15.0   13:14  10.0   20:03   6.3   0.0   0.0   3.9  24.1   13:26   SSW
07  11.1  14.1   13:40   9.3   05:27   7.2   0.0   0.0   5.3  27.4   11:59   SSW
08  11.3  14.8   13:51   8.4   07:41   7.0   0.0   0.0   2.7  17.7   08:18    SW
09  10.2  15.2   12:13   4.9   21:28   8.1   0.0   0.0   4.9  37.0   14:08    SW
10   6.7  12.3   14:32   3.2   06:43  11.6   0.0   0.2   3.5  14.5   22:11     W
11  12.3  13.7   13:22   7.6   00:00   6.0   0.0  14.2  10.8  48.3   05:12   NNW
12   9.4  12.6   00:00   6.5   21:16   8.9   0.0   0.0   6.4  37.0   10:40    SW
13   8.1  13.1   12:44   4.4   05:35  10.2   0.0   0.0   3.9  22.5   14:32   WSW
14   9.1  11.2   12:14   7.3   04:07   9.2   0.0   0.0   7.0  32.2   14:36   SSW
15   9.4  12.3   14:37   6.2   06:18   8.9   0.0   0.0   9.0  41.8   13:49    SW
16  10.8  12.7   12:29   9.6   00:13   7.5   0.0   0.0  16.1  59.5   07:48   SSW
17  10.1  13.6   11:55   6.9   20:09   8.2   0.0   0.0   9.2  40.2   04:09   SSW
18   8.5  12.6   13:08   5.4   22:26   9.8   0.0   0.0   4.6  19.3   03:14    SW
19   8.3  13.9   14:39   5.7   06:58  10.0   0.0   0.0   4.3  17.7   03:11   WSW
20   9.7  14.8   12:12   7.2   05:03   8.6   0.0   0.0   6.8  32.2   13:46    SW
21   9.5  14.6   12:18   5.8   23:33   8.8   0.0   0.0   5.4  33.8   13:58    SW
----------------------------------------------------------------------------------
    10.1  17.3     4     3.2    10   172.7   0.0  44.2   6.7  66.0     3      SW

Max >=  27.0  0
Max <=   0.0  0
Min <=   0.0  0
Min <= -18.0  0
Max Rain: 26.2 on day 3
Days of Rain: 4 (>= 0.2 mm)  3 (>= 2.0 mm)  1 (>= 20.0 mm)
Heat Base: 18.3  Cool Base: 18.3  Method: Integration
This information is automatically generated, is not quality controlled and may not update in a timely manner. You accept all risks and responsibility for losses, damages, costs and other consequences resulting directly or indirectly from using this site and any information or material available from it. Tide data is not to be used for the purpose of port operation or general navigation..

Powered by Davis Vantage Pro2 (6163AU)  and   CumulusMX   v 4.1.1 (b4025)   MXUI Template v 2.2.4 by  Silver Acorn     Valid HTML5

BOM