NOAA-style Climate Reports

   V/Λ SELECT: Month and Year   OR  >   Month
V/Λ2022 > Jan Feb Mar Apr May Jun Jul Aug Sep Oct Nov Dec
V/Λ2021 > Jan Feb Mar Apr May Jun Jul Aug Sep Oct Nov Dec
V/Λ2020 > Jan Feb Mar Apr May Jun Jul Aug Sep Oct Nov Dec
V/Λ2019 > Jan Feb Mar Apr May Jun Jul Aug Sep Oct Nov Dec
                   Monthly Climatological Summary for Apr 2022

Name: Beaumaris Weather   City: Beaumaris   State: Tasmania
Elevation: 18 m  Lat: S 41° 25' 44"   Lon: E 148° 16' 21"

                  Temperature (°C), Rain (mm), Wind Speed (km/h)

                                      Heat  Cool        Avg
    Mean                              Deg   Deg         Wind                 Dom
Day Temp  High   Time   Low    Time   Days  Days  Rain  Speed High   Time    Dir
----------------------------------------------------------------------------------
01  14.6  18.3   15:16  13.1   07:14   3.7   0.0   0.0  13.1  40.2   23:40   SSW
02  15.1  17.4   13:07  13.8   23:12   3.2   0.0   0.4  15.1  46.7   13:53     S
03  15.6  17.3   13:35  13.8   08:04   2.7   0.0   1.8  14.6  46.7   03:16     S
04  18.0  21.6   12:11  16.2   06:19   0.8   0.5   3.8   4.6  24.1   14:48     S
05  15.2  16.8   00:34  13.2   23:51   3.1   0.0   0.8   9.2  33.8   09:15     S
06  13.4  17.4   14:51   9.3   21:17   4.9   0.0   0.0   6.4  25.7   10:30   SSW
07  12.6  19.0   12:25   7.8   23:01   5.7   0.0   0.0   5.0  16.1   00:56     W
08  13.7  19.3   14:05   8.3   00:00   4.6   0.0   0.0   5.0  17.7   13:36     N
09  17.7  21.7   12:34  12.5   00:55   1.5   0.9   0.2   7.8  35.4   14:47     N
10  20.6  25.1   11:43  17.2   06:27   0.1   2.3   1.0   8.2  33.8   12:53   NNW
11  15.0  20.3   13:36   9.1   23:37   3.4   0.2   0.0   6.9  30.6   02:02     S
12  13.4  19.6   12:34   8.3   03:05   5.0   0.1   0.0   4.2  20.9   07:31     W
13  14.4  19.9   13:07  10.6   01:22   4.1   0.2   0.0   5.9  27.4   14:34   NNE
14  15.0  21.2   10:02   9.3   06:23   3.9   0.6   0.0   3.6  22.5   13:00   WNW
15  16.3  19.6   17:19  11.9   03:38   2.1   0.1   0.4   5.9  32.2   23:42    NW
16  14.7  16.4   11:46  11.8   22:30   3.6   0.0   1.4   4.0  29.0   00:10     S
17  17.9  24.7   14:36   9.9   06:17   2.3   1.9   0.2   7.7  35.4   13:52   NNW
18  16.2  19.3   02:05  13.6   23:08   2.2   0.1   0.0   8.2  48.3   01:17     S
19  14.8  16.2   11:50  12.7   23:57   3.5   0.0  14.8   1.3  11.3   21:22   WSW
20  14.7  21.7   13:36   9.2   23:58   4.0   0.4   0.2   4.4  24.1   14:47   WNW
21  10.9  17.6   13:25   6.9   21:27   7.4   0.0   0.0   4.4  25.7   13:22    SW
22  10.8  15.9   13:08   6.6   06:04   7.5   0.0   0.0   3.1  16.1   12:23   ESE
23  12.3  18.1   13:14   8.3   06:07   6.0   0.0   0.0   3.7  16.1   21:33   WSW
24  13.1  17.9   13:23   9.2   06:12   5.2   0.0   0.0   3.3  14.5   13:12    NW
25  14.7  19.0   13:27  11.2   05:53   3.6   0.0   0.0   4.1  24.1   15:00   NNE
26  14.8  18.2   11:34  12.0   23:58   3.5   0.0   0.0   2.2  16.1   10:45     N
27  14.9  17.9   23:21  11.0   01:41   3.4   0.0  12.0   6.4  33.8   19:45   NNE
28  18.1  19.9   11:42  15.1   23:53   0.4   0.2   4.6   8.5  33.8   00:06   NNE
29  18.1  22.6   11:39  12.4   04:09   1.3   1.1   0.2   8.1  35.4   20:53   NNW
30  15.0  18.2   13:50  11.6   19:50   3.3   0.0   1.0   6.2  35.4   12:04    NW
----------------------------------------------------------------------------------
    15.1  25.1    10     6.6    22   106.0   8.6  42.8   6.4  48.3    18     WSW

Max >=  27.0  0
Max <=   0.0  0
Min <=   0.0  0
Min <= -18.0  0
Max Rain: 14.8 on day 19
Days of Rain: 15 (>= 0.2 mm)  4 (>= 2.0 mm)  0 (>= 20.0 mm)
Heat Base: 18.3  Cool Base: 18.3  Method: Integration
This information is automatically generated, is not quality controlled and may not update in a timely manner. You accept all risks and responsibility for losses, damages, costs and other consequences resulting directly or indirectly from using this site and any information or material available from it. Tide data is not to be used for the purpose of port operation or general navigation..

Powered by Davis Vantage Pro2 (6163AU)  and   CumulusMX   v 3.19.3 (b3196)   MXUI Template v 2.2.4 by  Silver Acorn     Valid HTML5

BOM