NOAA-style Climate Reports

   V/Λ SELECT: Month and Year   OR  >   Month
V/Λ2022 > Jan Feb Mar Apr May Jun Jul Aug Sep Oct Nov Dec
V/Λ2021 > Jan Feb Mar Apr May Jun Jul Aug Sep Oct Nov Dec
V/Λ2020 > Jan Feb Mar Apr May Jun Jul Aug Sep Oct Nov Dec
V/Λ2019 > Jan Feb Mar Apr May Jun Jul Aug Sep Oct Nov Dec
                   Monthly Climatological Summary for May 2020

Name: Beaumaris Weather   City: Beaumaris   State: Tasmania
Elevation: 18 m  Lat: S 41° 25' 44"   Lon: E 148° 16' 21"

                  Temperature (°C), Rain (mm), Wind Speed (km/h)

                                      Heat  Cool        Avg
    Mean                              Deg   Deg         Wind                 Dom
Day Temp  High   Time   Low    Time   Days  Days  Rain  Speed High   Time    Dir
----------------------------------------------------------------------------------
01   9.7  14.2   14:54   5.4   02:25   8.6   0.0   0.6   4.2  22.5   19:55    NW
02  11.4  15.1   11:32   7.2   04:36   6.8   0.0   0.0   8.8  46.7   20:55    SW
03   9.8  14.9   15:04   5.3   20:10   8.5   0.0   0.0   5.2  40.2   00:09   WSW
04  11.3  17.8   12:03   5.4   00:06   7.0   0.0   0.0   4.3  19.3   08:48   WSW
05   9.8  15.6   13:17   4.9   06:10   8.5   0.0   0.4   3.8  14.5   21:58     W
06  13.2  16.4   14:15   6.6   01:15   5.1   0.0   0.0   5.5  30.6   11:37    NW
07  15.1  20.8   13:48  10.9   00:00   3.3   0.1   0.2   5.8  35.4   22:02   NNW
08  14.8  18.6   12:45  10.1   22:10   3.4   0.0   0.2   8.2  33.8   05:15   NNW
09  12.2  16.4   09:43   7.4   22:19   6.1   0.0   5.6   6.2  37.0   09:50   NNW
10   9.1  14.2   13:22   3.7   23:49   9.2   0.0   0.0   5.3  29.0   07:45   WSW
11  11.0  16.4   14:50   3.4   00:09   7.2   0.0   0.0   3.4  19.3   21:52    NW
12  14.0  15.8   14:10  10.7   23:59   4.3   0.0   0.0  11.0  45.1   10:07   NNW
13   9.5  14.8   12:59   3.8   21:30   8.8   0.0   0.0   4.1  24.1   15:59     W
14   9.6  15.8   14:20   4.8   00:57   8.7   0.0   0.0   4.1  19.3   03:36   WNW
15  11.8  18.0   15:10   7.3   05:05   6.5   0.0   0.0   3.5  17.7   14:27    NW
16  10.3  16.1   13:38   5.4   02:50   8.0   0.0   0.2   6.6  41.8   13:08   NNW
17  11.6  16.9   11:43   6.8   04:16   6.7   0.0   0.0   4.4  25.7   05:34    NW
18  10.9  17.1   12:29   6.9   06:02   7.4   0.0   0.2   4.3  19.3   13:45    NW
19  12.3  17.8   13:27   6.8   04:38   6.0   0.0   0.2   5.7  41.8   23:04   NNW
20  13.4  15.8   11:19   9.8   05:09   4.9   0.0   0.4   7.9  33.8   08:04   NNW
21   9.8  14.6   12:50   4.2   20:59   8.5   0.0   0.0   4.6  32.2   00:01     W
22   7.8  13.1   12:27   3.9   07:43  10.5   0.0   0.0   5.2  22.5   14:09    SW
23   9.9  13.9   12:14   5.3   06:53   8.4   0.0   0.0   8.3  41.8   12:57   SSW
24  10.9  14.2   12:31   9.2   23:26   7.4   0.0   0.0  12.5  41.8   12:10   SSW
25   9.5  11.7   13:28   7.9   18:39   8.7   0.0   0.0   6.2  30.6   00:08    SW
26  10.9  13.8   13:46   8.8   06:29   7.4   0.0   0.0   3.8  19.3   06:27   WNW
27  12.6  17.1   12:33   7.7   04:58   5.7   0.0   0.0   4.0  24.1   11:13   NNW
28  12.6  17.4   11:45   6.2   20:57   5.7   0.0   0.0   4.9  27.4   13:11   NNW
29  12.1  16.9   13:30   5.7   05:37   6.2   0.0   0.0   5.9  32.2   11:37   NNW
30  12.4  17.7   12:44   5.9   02:34   5.9   0.0   0.0   7.3  35.4   14:37   NNW
31  12.7  16.3   03:16   8.3   23:25   5.6   0.0   0.6   9.9  61.2   03:10   NNW
----------------------------------------------------------------------------------
    11.4  20.8     7     3.4    11   215.0   0.1   8.6   6.0  61.2    31     WNW

Max >=  27.0  0
Max <=   0.0  0
Min <=   0.0  0
Min <= -18.0  0
Max Rain: 5.6 on day 9
Days of Rain: 10 (>= 0.2 mm)  1 (>= 2.0 mm)  0 (>= 20.0 mm)
Heat Base: 18.3  Cool Base: 18.3  Method: Integration
This information is automatically generated, is not quality controlled and may not update in a timely manner. You accept all risks and responsibility for losses, damages, costs and other consequences resulting directly or indirectly from using this site and any information or material available from it. Tide data is not to be used for the purpose of port operation or general navigation..

Powered by Davis Vantage Pro2 (6163AU)  and   CumulusMX   v 3.19.3 (b3196)   MXUI Template v 2.2.4 by  Silver Acorn     Valid HTML5

BOM