NOAA-style Climate Reports

   V/Λ SELECT: Month and Year   OR  >   Month
V/Λ2022 > Jan Feb Mar Apr May Jun Jul Aug Sep Oct Nov Dec
V/Λ2021 > Jan Feb Mar Apr May Jun Jul Aug Sep Oct Nov Dec
V/Λ2020 > Jan Feb Mar Apr May Jun Jul Aug Sep Oct Nov Dec
V/Λ2019 > Jan Feb Mar Apr May Jun Jul Aug Sep Oct Nov Dec
                   Monthly Climatological Summary for Mar 2020

Name: Beaumaris Weather   City: Beaumaris   State: Tasmania
Elevation: 18 m  Lat: S 41° 25' 44"   Lon: E 148° 16' 21"

                  Temperature (°C), Rain (mm), Wind Speed (km/h)

                                      Heat  Cool        Avg
    Mean                              Deg   Deg         Wind                 Dom
Day Temp  High   Time   Low    Time   Days  Days  Rain  Speed High   Time    Dir
----------------------------------------------------------------------------------
01  17.5  22.1   16:21  10.6   05:35   1.6   0.8   0.0   4.7  27.4   06:37   NNW
02  15.0  19.4   13:33   8.4   23:49   3.3   0.0   9.8   6.2  35.4   06:52   SSE
03  13.3  18.8   13:28   6.1   05:09   5.0   0.0   0.4   5.5  22.5   12:33   ESE
04  16.4  19.6   14:28  11.4   07:07   2.0   0.1   0.0   5.9  22.5   11:42    NE
05  18.4  19.9   19:54  16.7   01:45   0.3   0.4  65.2  13.4  54.7   09:38   NNE
06  17.2  22.6   12:23  12.7   22:39   1.6   0.5   0.4   9.9  40.2   16:11   SSE
07  13.7  17.9   12:01   9.9   07:25   4.6   0.0   0.0  11.9  45.1   14:59     S
08  12.8  16.1   10:51   9.2   23:57   5.4   0.0   0.0  10.2  33.8   14:44     S
09  13.2  17.8   13:11   8.4   07:25   5.1   0.0   0.0   5.4  24.1   05:31   SSE
10  14.2  19.2   13:26  10.3   23:22   4.1   0.0   0.0   5.6  22.5   15:03   NNE
11  14.3  20.1   14:45   8.5   04:19   4.3   0.2   0.0   5.7  22.5   15:59    NE
12  18.2  23.9   14:52  12.1   01:07   1.8   1.7   0.2   7.6  35.4   14:58   NNE
13  18.3  25.4   13:27  10.7   23:58   1.6   1.5   1.2   8.5  41.8   13:49    NW
14  12.9  18.3   13:37   7.6   05:00   5.4   0.0   0.0   7.2  45.1   00:15    SW
15  15.0  19.6   14:05  11.2   04:46   3.4   0.1   0.0   6.5  22.5   16:04   SSE
16  14.5  18.2   14:55   9.8   23:53   3.7   0.0   0.0   5.1  19.3   00:14   ESE
17  16.7  24.3   15:26   9.1   01:43   3.0   1.4   0.0   6.0  33.8   15:32    NW
18  20.2  23.4   13:17  15.1   23:59   0.2   2.2   0.0   6.6  38.6   16:43    NW
19  16.2  20.2   14:37  11.4   03:59   2.4   0.3   2.0   4.0  17.7   17:52     N
20  17.6  21.4   14:36  14.8   03:39   1.3   0.6  10.6   7.0  41.8   07:24   WNW
21  15.6  18.5   12:42  13.1   06:51   2.7   0.0   0.0   5.3  20.9   02:28     E
22  13.1  19.2   13:35   6.9   23:23   5.2   0.0   3.2   6.5  35.4   15:45     S
23  11.2  17.3   13:47   5.8   04:50   7.1   0.0   0.0   5.0  22.5   12:44     S
24  13.0  18.3   15:17   7.3   07:13   5.3   0.0   0.0   6.1  32.2   17:03   NNE
25  13.4  17.9   15:34   8.3   06:13   4.9   0.0   0.0   6.5  38.6   21:12    SE
26  12.6  21.9   23:48   7.2   04:49   6.0   0.4   0.0   5.5  30.6   00:13     N
27  14.9  22.9   12:00   9.4   00:00   0.0   9.2   0.0   7.6   6.4   00:09     N
28  20.4  22.9   12:41  11.8   12:37   0.4   1.4   0.4   9.1  33.8   14:41   NNE
29  17.5  22.4   13:23  14.1   23:46   1.6   0.8   1.6   5.5  38.6   18:28     N
30  16.8  19.4   11:28  12.8   23:59   1.6   0.1   0.2   5.3  29.0   17:58   NNW
31  14.7  21.3   15:33   6.8   06:57   4.0   0.4   0.0   3.7  22.5   13:48   WNW
----------------------------------------------------------------------------------
    15.4  25.4    13     5.8    23    98.9  22.1  95.2   6.7  54.7     5      NE

Max >=  27.0  0
Max <=   0.0  0
Min <=   0.0  0
Min <= -18.0  0
Max Rain: 65.2 on day 5
Days of Rain: 12 (>= 0.2 mm)  5 (>= 2.0 mm)  1 (>= 20.0 mm)
Heat Base: 18.3  Cool Base: 18.3  Method: Integration
This information is automatically generated, is not quality controlled and may not update in a timely manner. You accept all risks and responsibility for losses, damages, costs and other consequences resulting directly or indirectly from using this site and any information or material available from it. Tide data is not to be used for the purpose of port operation or general navigation..

Powered by Davis Vantage Pro2 (6163AU)  and   CumulusMX   v 3.19.3 (b3196)   MXUI Template v 2.2.4 by  Silver Acorn     Valid HTML5

BOM