Monthly Climatological Summary for Nov 2022 Name: Beaumaris Weather City: Beaumaris State: Tasmania Elevation: 18 m Lat: S 41° 25' 41" Lon: E 148° 16' 21" Temperature (°C), Rain (mm), Wind Speed (km/h) Heat Cool Avg Mean Deg Deg Wind Dom Day Temp High Time Low Time Days Days Rain Speed High Time Dir ---------------------------------------------------------------------------------- 01 11.3 16.1 12:23 6.3 23:59 7.0 0.0 0.6 5.4 43.5 17:21 ESE 02 11.0 15.9 18:09 5.8 01:00 7.3 0.0 0.6 5.8 30.6 23:18 NW 03 13.4 21.5 17:30 7.2 06:09 5.1 0.2 0.0 6.4 32.2 02:31 S 04 12.1 17.7 13:02 6.3 04:01 6.2 0.0 0.0 5.5 24.1 13:30 NE 05 15.0 24.4 15:58 6.7 01:46 4.3 1.0 0.0 6.5 35.4 16:47 N 06 16.7 24.6 17:04 8.1 06:06 2.9 1.4 0.0 5.8 33.8 18:46 NNW 07 16.4 18.9 11:16 11.3 21:49 1.9 0.0 0.0 5.9 25.7 01:59 S 08 16.4 23.1 14:19 9.2 03:38 2.9 1.0 0.0 10.1 38.6 13:09 NNE 09 16.6 21.9 13:17 9.6 05:51 2.5 0.8 0.0 10.3 40.2 16:11 NNE 10 18.2 21.8 13:53 16.4 03:38 0.8 0.7 0.0 11.7 43.5 16:04 N 11 17.6 26.1 16:50 12.6 23:41 2.1 1.4 0.8 10.5 56.3 17:57 ENE 12 13.7 16.9 14:58 12.3 02:53 4.6 0.0 0.0 11.2 35.4 13:05 SSE 13 14.1 16.5 18:10 12.7 09:40 4.2 0.0 22.0 8.1 29.0 08:59 ESE 14 13.6 15.0 16:46 8.4 23:59 4.7 0.0 32.8 3.4 27.4 15:12 S 15 9.3 12.8 09:14 5.6 05:15 9.0 0.0 0.8 8.0 40.2 12:19 SW 16 11.1 15.7 10:42 7.9 23:59 7.2 0.0 0.0 10.0 41.8 15:15 S 17 11.5 17.4 13:29 5.2 05:47 6.8 0.0 0.4 6.0 30.6 13:55 SSE 18 12.6 18.0 12:45 7.1 01:56 5.7 0.0 0.2 5.3 20.9 12:43 SSE 19 13.6 18.9 11:38 7.1 04:06 4.7 0.0 0.4 10.8 37.0 13:45 NNE 20 16.6 22.3 12:10 10.6 22:15 2.4 0.7 6.8 9.5 45.1 16:37 NW 21 12.0 18.6 12:10 6.8 22:39 6.3 0.0 0.6 9.4 48.3 07:41 W 22 14.5 24.2 14:21 3.8 04:18 4.9 1.1 0.0 8.4 48.3 18:20 WNW 23 13.7 19.2 13:21 7.3 04:59 4.6 0.0 0.0 6.4 29.0 11:26 NE 24 14.8 19.8 16:09 8.7 01:14 3.6 0.1 1.8 4.9 25.7 22:57 E 25 13.0 15.2 11:08 9.0 23:50 5.3 0.0 8.4 5.5 27.4 01:42 ESE 26 13.8 18.6 16:43 7.5 04:23 4.5 0.0 0.4 8.1 35.4 12:42 NNE 27 16.5 23.0 12:28 10.2 23:07 2.4 0.6 0.8 10.1 40.2 09:18 NNW 28 14.2 21.8 13:31 6.2 03:56 4.4 0.3 0.0 8.7 41.8 17:44 NW 29 14.3 20.9 13:22 8.6 23:47 4.1 0.1 0.0 5.7 29.0 10:56 SW 30 15.1 21.6 16:22 6.8 05:17 3.7 0.6 0.0 7.6 33.8 21:07 SSE ---------------------------------------------------------------------------------- 14.1 26.1 11 3.8 22 136.1 10.0 77.4 7.7 56.3 11 NE Max >= 27.0 0 Max <= 0.0 0 Min <= 0.0 0 Min <= -18.0 0 Max Rain: 32.8 on day 14 Days of Rain: 15 (>= 0.2 mm) 4 (>= 2.0 mm) 2 (>= 20.0 mm) Heat Base: 18.3 Cool Base: 18.3 Method: Integration