NOAA-style Climate Reports

   V/Λ SELECT: Month and Year   OR  >   Month
V/Λ2022 > Jan Feb Mar Apr May Jun Jul Aug Sep Oct Nov Dec
V/Λ2021 > Jan Feb Mar Apr May Jun Jul Aug Sep Oct Nov Dec
V/Λ2020 > Jan Feb Mar Apr May Jun Jul Aug Sep Oct Nov Dec
V/Λ2019 > Jan Feb Mar Apr May Jun Jul Aug Sep Oct Nov Dec
                   Monthly Climatological Summary for Nov 2021

Name: Beaumaris Weather   City: Beaumaris   State: Tasmania
Elevation: 18 m  Lat: S 41° 25' 44"   Lon: E 148° 16' 21"

                  Temperature (°C), Rain (mm), Wind Speed (km/h)

                                      Heat  Cool        Avg
    Mean                              Deg   Deg         Wind                 Dom
Day Temp  High   Time   Low    Time   Days  Days  Rain  Speed High   Time    Dir
----------------------------------------------------------------------------------
01  14.2  18.6   14:22   8.3   04:58   4.1   0.0   0.0   5.5  27.4   00:14   ESE
02  13.7  19.1   10:53   6.3   05:30   4.6   0.0   0.0   7.5  32.2   12:32   NNE
03  18.0  23.6   12:47  15.7   07:16   1.0   0.7   1.4   8.1  37.0   13:07   NNE
04  14.6  17.6   15:24  10.3   23:58   3.8   0.0   1.0  11.8  40.2   02:40   SSE
05  13.2  15.9   12:51   9.7   05:15   5.1   0.0   1.4   3.7  19.3   11:46   SSW
06  16.0  19.8   13:08  11.3   01:26   2.4   0.1   5.6   6.8  30.6   13:32   NNE
07  14.2  17.1   03:13   8.5   23:59   4.1   0.0   0.0   9.1  41.8   07:12    SE
08  13.9  18.6   12:23   8.4   00:25   4.4   0.0   0.0   5.2  24.1   11:35   ESE
09  14.5  21.2   16:57   8.6   02:43   4.0   0.2   0.0   5.4  25.7   18:04   NNE
10  11.8  14.2   09:38   7.8   22:13   6.5   0.0   3.2   3.0  17.7   01:12    NW
11  13.1  21.4   14:13   7.2   02:33   5.3   0.1   0.0  11.4  45.1   09:05   SSW
12  12.6  15.7   13:02  10.3   23:42   5.7   0.0   2.8  11.5  35.4   16:02   SSE
13  10.8  14.6   13:47   8.6   23:19   7.5   0.0   4.2   7.7  35.4   05:12     S
14  11.9  16.1   13:55   7.7   23:43   0.6   0.0   1.4   7.2  27.4   23:49     W
15   9.7  15.4   13:56   3.7   02:18   8.6   0.0   0.0  10.3  48.3   15:46    SW
16  11.7  17.7   11:45   5.3   04:53   6.6   0.0   0.0   6.7  37.0   03:34   SSW
17  12.9  18.6   13:33   6.8   05:08   5.4   0.0   0.0   6.1  29.0   14:58   ENE
18  14.2  20.0   15:36   7.3   01:16   4.1   0.1   0.2   7.2  30.6   16:18   NNW
19  14.5  17.9   11:54  10.2   06:03   3.8   0.0   0.0   8.0  29.0   00:42     E
20  13.1  18.8   11:57   6.8   05:36   5.2   0.0   0.0   8.0  37.0   15:29   SSE
21  14.8  18.4   11:48  13.7   22:27   1.2   0.0   0.0   5.3  16.1   17:07   NNE
22  16.8  20.6   13:34  10.9   23:40   1.0   0.2   0.0   8.1  35.4   15:11    NE
23  16.4  22.4   15:44  10.3   05:23   2.7   0.8   0.0   9.2  43.5   16:35   NNE
24  18.7  26.6   17:47  12.5   05:35   1.3   1.7   0.0   7.3  33.8   13:05     N
25  14.9  19.3   00:00  11.6   23:58   3.5   0.0   0.6   8.2  46.7   19:12   SSE
26  13.6  17.9   13:50  10.6   06:01   4.7   0.0   0.2  14.4  48.3   11:24   SSE
27  13.3  18.1   12:46   7.1   23:01   5.0   0.0   0.0   6.5  27.4   00:08    SE
28  13.2  19.2   13:10   5.9   03:17   5.2   0.1   0.0   9.2  33.8   13:02   NNE
29  13.7  20.0   12:02   5.5   05:20   4.9   0.3   0.0  10.6  38.6   13:25   NNE
30  15.3  21.3   12:25   8.2   00:37   3.5   0.5   0.0   8.6  33.8   14:28   NNE
----------------------------------------------------------------------------------
    14.0  26.6    24     3.7    15   125.8   4.8  22.0   7.9  48.3    15       E

Max >=  27.0  0
Max <=   0.0  0
Min <=   0.0  0
Min <= -18.0  0
Max Rain: 5.6 on day 6
Days of Rain: 11 (>= 0.2 mm)  4 (>= 2.0 mm)  0 (>= 20.0 mm)
Heat Base: 18.3  Cool Base: 18.3  Method: Integration
This information is automatically generated, is not quality controlled and may not update in a timely manner. You accept all risks and responsibility for losses, damages, costs and other consequences resulting directly or indirectly from using this site and any information or material available from it. Tide data is not to be used for the purpose of port operation or general navigation..

Powered by Davis Vantage Pro2 (6163AU)  and   CumulusMX   v 3.19.3 (b3196)   MXUI Template v 2.2.4 by  Silver Acorn     Valid HTML5

BOM