NOAA-style Climate Reports

   V/Λ SELECT: Month and Year   OR  >   Month
V/Λ2022 > Jan Feb Mar Apr May Jun Jul Aug Sep Oct Nov Dec
V/Λ2021 > Jan Feb Mar Apr May Jun Jul Aug Sep Oct Nov Dec
V/Λ2020 > Jan Feb Mar Apr May Jun Jul Aug Sep Oct Nov Dec
V/Λ2019 > Jan Feb Mar Apr May Jun Jul Aug Sep Oct Nov Dec
                   Monthly Climatological Summary for Aug 2021

Name: Beaumaris Weather   City: Beaumaris   State: Tasmania
Elevation: 18 m  Lat: S 41° 25' 44"   Lon: E 148° 16' 21"

                  Temperature (°C), Rain (mm), Wind Speed (km/h)

                                      Heat  Cool        Avg
    Mean                              Deg   Deg         Wind                 Dom
Day Temp  High   Time   Low    Time   Days  Days  Rain  Speed High   Time    Dir
----------------------------------------------------------------------------------
01  10.2  14.6   11:56   3.4   21:45   8.1   0.0   0.0   5.6  40.2   12:55     W
02   8.0  14.7   13:42   0.5   07:11  10.3   0.0   0.0   5.6  29.0   11:18   NNW
03   9.4  14.2   14:39   5.2   03:37   8.9   0.0   0.0   3.5  24.1   10:07   WSW
04  11.4  16.3   13:46   6.4   23:50   6.9   0.0   0.4   5.3  29.0   12:16    SW
05   9.0  16.4   14:38   3.4   06:00   9.3   0.0   0.0   2.8  19.3   12:35   WNW
06  11.0  17.5   13:05   4.6   06:20   7.3   0.0   0.0   4.5  25.7   11:24    NW
07   8.9  16.9   11:43   1.3   23:59   9.4   0.0   0.4   7.8  53.1   13:43    SW
08   7.3  14.8   13:31   0.1   02:03  11.0   0.0   0.0   5.8  33.8   13:37    NW
09  10.0  16.2   12:23   3.7   01:44   8.3   0.0   0.2   6.0  29.0   13:06   NNW
10  12.1  16.9   11:52   5.9   03:30   6.2   0.0   0.0   8.6  38.6   14:14   NNW
11  12.7  15.7   11:25   9.5   02:07   5.6   0.0   5.6  13.6  54.7   12:06   NNW
12  12.7  16.7   12:57   7.8   23:26   5.6   0.0   0.0   7.4  38.6   00:18   WNW
13  12.9  16.6   14:40   8.6   02:09   5.4   0.0   0.4   9.1  41.8   13:18   NNW
14  10.5  17.7   13:48   2.4   06:43   7.8   0.0   0.2   6.0  33.8   11:35    NW
15  12.9  16.3   13:31   9.2   23:50   5.4   0.0   1.0  14.5  75.6   13:43    NW
16  10.0  14.8   13:02   5.1   21:37   8.3   0.0   0.0   9.2  51.5   10:20   WSW
17   7.5  15.4   13:15   0.9   04:01  10.8   0.0   0.0   5.0  29.0   10:31   WSW
18   8.4  13.3   16:12   2.7   04:25   9.9   0.0   0.0   3.6  17.7   08:25   WNW
19   8.5  15.3   12:26   3.1   04:38   9.8   0.0   0.0   3.6  12.9   02:53   SSW
20  10.9  17.9   13:24   4.6   01:46   7.4   0.0   0.2   8.0  37.0   18:07   NNW
21  12.9  17.4   13:31   9.3   05:43   5.4   0.0   0.6   8.8  45.1   09:29   NNW
22  13.4  17.6   13:17   7.2   23:55   4.9   0.0   0.0  10.6  43.5   13:30   NNW
23  11.6  16.9   11:38   5.9   22:55   6.7   0.0   4.6   9.6  41.8   02:57     W
24   7.0  12.4   13:15   2.5   04:27  11.3   0.0   0.0   5.3  25.7   00:17   SSW
25   9.7  12.7   13:56   7.5   03:19   8.6   0.0   0.0  13.9  46.7   12:41   SSW
26  10.2  14.1   14:05   7.7   01:25   8.1   0.0   0.0  10.9  38.6   12:43   SSW
27   9.9  12.3   12:44   8.4   03:34   8.4   0.0   0.8   9.8  38.6   14:40     S
28   9.4  12.1   13:06   7.0   06:53   8.9   0.0   3.2   3.7  16.1   00:35     S
29   9.3  12.6   12:33   5.9   02:18   9.0   0.0   4.2   2.6  20.9   15:17   NNW
30  10.2  16.7   13:42   3.7   06:09   8.1   0.0   0.2   5.7  29.0   13:47   NNW
31  14.0  17.1   15:59  10.7   06:07   4.3   0.0   0.4  13.3  51.5   16:50   NNW
----------------------------------------------------------------------------------
    10.4  17.9    20     0.1     8   245.4   0.0  22.4   7.4  75.6    15     WNW

Max >=  27.0  0
Max <=   0.0  0
Min <=   0.0  0
Min <= -18.0  0
Max Rain: 5.6 on day 11
Days of Rain: 15 (>= 0.2 mm)  4 (>= 2.0 mm)  0 (>= 20.0 mm)
Heat Base: 18.3  Cool Base: 18.3  Method: Integration
This information is automatically generated, is not quality controlled and may not update in a timely manner. You accept all risks and responsibility for losses, damages, costs and other consequences resulting directly or indirectly from using this site and any information or material available from it. Tide data is not to be used for the purpose of port operation or general navigation..

Powered by Davis Vantage Pro2 (6163AU)  and   CumulusMX   v 3.19.3 (b3196)   MXUI Template v 2.2.4 by  Silver Acorn     Valid HTML5

BOM