NOAA-style Climate Reports

   V/Λ SELECT: Month and Year   OR  >   Month
V/Λ2022 > Jan Feb Mar Apr May Jun Jul Aug Sep Oct Nov Dec
V/Λ2021 > Jan Feb Mar Apr May Jun Jul Aug Sep Oct Nov Dec
V/Λ2020 > Jan Feb Mar Apr May Jun Jul Aug Sep Oct Nov Dec
V/Λ2019 > Jan Feb Mar Apr May Jun Jul Aug Sep Oct Nov Dec
                   Monthly Climatological Summary for Apr 2021

Name: Beaumaris Weather   City: Beaumaris   State: Tasmania
Elevation: 18 m  Lat: S 41° 25' 44"   Lon: E 148° 16' 21"

                  Temperature (°C), Rain (mm), Wind Speed (km/h)

                                      Heat  Cool        Avg
    Mean                              Deg   Deg         Wind                 Dom
Day Temp  High   Time   Low    Time   Days  Days  Rain  Speed High   Time    Dir
----------------------------------------------------------------------------------
01  20.9  30.8   14:15  12.9   00:13   0.9   3.5   0.0   4.9  40.2   23:00     W
02  17.0  21.2   14:39  12.6   23:27   1.6   0.3   0.0   7.7  30.6   04:17   ENE
03  21.8  30.2   13:55  11.3   01:11   1.5   5.0   0.0   9.0  41.8   15:28   NNW
04  17.2  24.6   00:00  11.9   23:49   2.1   1.0   0.0   3.9  17.7   12:46     S
05  14.6  20.6   13:50   9.6   03:43   4.0   0.3   0.2   5.2  27.4   14:45   NNE
06  14.7  20.3   14:11   9.9   02:26   3.9   0.3   0.0   4.6  20.9   16:33     N
07  15.9  22.2   14:48   9.6   04:56   3.2   0.8   0.2   6.3  32.2   12:20   NNE
08  18.6  26.8   11:54  11.7   05:02   1.7   2.0   0.0   7.9  43.5   22:58    NW
09  13.9  19.2   14:45   7.0   19:52   4.4   0.0   0.0   6.1  38.6   00:03   WSW
10  11.6  20.2   11:02   4.9   23:10   6.8   0.1   0.0   6.3  46.7   14:39   WNW
11  10.4  15.9   11:52   4.7   00:17   7.9   0.0   0.0   7.5  38.6   12:04    SW
12  11.3  17.1   13:09   6.2   20:56   7.0   0.0   0.0   8.6  41.8   08:50    SW
13  12.9  19.1   12:50   5.7   06:02   5.5   0.0   0.0   6.8  37.0   20:30   NNW
14  16.5  20.2   11:20  12.4   23:59   2.1   0.3   0.0  12.5  62.8   15:19    NW
15  14.0  20.6   14:06   7.4   22:27   4.5   0.2   0.0   8.3  40.2   08:52   WNW
16  10.8  18.2   14:09   2.1   06:53   7.5   0.0   0.0   5.0  24.1   03:36    NW
17  13.6  20.7   13:45   8.1   03:11   4.8   0.2   0.0   6.5  29.0   15:30    NW
18  14.6  19.6   14:23   7.8   06:20   3.7   0.1   0.0   4.3  24.1   01:22     W
19  16.0  20.2   11:56  11.5   00:36   2.5   0.3   0.0   9.2  43.5   12:43    NW
20  12.1  16.6   00:02   7.2   23:59   6.2   0.0   8.2   9.9  49.9   13:27   WSW
21   9.6  15.1   13:39   5.1   06:50   8.7   0.0   0.0   4.6  30.6   14:41    NW
22  14.3  18.2   13:09   8.4   23:59   4.0   0.0   0.0   5.6  46.7   09:38    NW
23  11.6  17.7   14:16   5.8   05:19   6.7   0.0   0.0   3.0  22.5   13:07    NW
24  11.7  19.9   15:11   5.8   04:56   6.7   0.1   0.0   1.8  25.7   13:27    NW
25  13.0  19.6   13:28   8.4   06:52   5.4   0.0   0.0   2.3  22.5   13:34    NW
26  13.2  21.3   11:48   7.6   02:30   5.3   0.3   0.0   3.5  19.3   09:10   WNW
27  11.4  16.8   13:49   5.8   06:33   6.9   0.0   0.2   3.7  14.5   14:22   WNW
28  12.8  19.8   12:45   6.5   06:56   5.6   0.1   0.0   4.5  27.4   11:53    NW
29  13.8  18.2   14:02   8.6   06:44   4.5   0.0   0.0   3.5  19.3   02:36   WNW
30  14.0  21.1   14:28   9.1   23:03   4.6   0.3   0.0   4.6  22.5   15:59   NNW
----------------------------------------------------------------------------------
    14.1  30.8     1     2.1    16   140.2  15.2   8.8   5.9  62.8    14      NW

Max >=  27.0  2
Max <=   0.0  0
Min <=   0.0  0
Min <= -18.0  0
Max Rain: 8.2 on day 20
Days of Rain: 4 (>= 0.2 mm)  1 (>= 2.0 mm)  0 (>= 20.0 mm)
Heat Base: 18.3  Cool Base: 18.3  Method: Integration
This information is automatically generated, is not quality controlled and may not update in a timely manner. You accept all risks and responsibility for losses, damages, costs and other consequences resulting directly or indirectly from using this site and any information or material available from it. Tide data is not to be used for the purpose of port operation or general navigation..

Powered by Davis Vantage Pro2 (6163AU)  and   CumulusMX   v 3.19.3 (b3196)   MXUI Template v 2.2.4 by  Silver Acorn     Valid HTML5

BOM