NOAA-style Climate Reports

   V/Λ SELECT: Month and Year   OR  >   Month
V/Λ2022 > Jan Feb Mar Apr May Jun Jul Aug Sep Oct Nov Dec
V/Λ2021 > Jan Feb Mar Apr May Jun Jul Aug Sep Oct Nov Dec
V/Λ2020 > Jan Feb Mar Apr May Jun Jul Aug Sep Oct Nov Dec
V/Λ2019 > Jan Feb Mar Apr May Jun Jul Aug Sep Oct Nov Dec
                   Monthly Climatological Summary for Jan 2021

Name: Beaumaris Weather   City: Beaumaris   State: Tasmania
Elevation: 18 m  Lat: S 41° 25' 44"   Lon: E 148° 16' 21"

                  Temperature (°C), Rain (mm), Wind Speed (km/h)

                                      Heat  Cool        Avg
    Mean                              Deg   Deg         Wind                 Dom
Day Temp  High   Time   Low    Time   Days  Days  Rain  Speed High   Time    Dir
----------------------------------------------------------------------------------
01  15.8  18.6   15:28  13.9   06:48   2.5   0.0   1.6   8.1  27.4   05:47   ESE
02  16.5  21.7   15:43  11.3   01:46   2.4   0.6   0.0   5.0  20.9   14:07    NE
03  16.3  21.3   14:11  13.6   02:46   2.2   0.2  13.4   5.1  25.7   08:46   ENE
04  15.4  16.4   17:44  14.2   07:28   2.9   0.0  16.0  12.6  35.4   12:52    SE
05  16.3  20.7   13:40  12.3   23:12   2.1   0.1   0.0   9.9  32.2   12:53   SSE
06  15.6  21.4   13:54  10.6   03:00   2.9   0.3   0.2   9.9  49.9   17:12   SSE
07  16.0  20.6   13:03  10.7   05:47   2.6   0.3   0.0   6.1  27.4   00:07   SSE
08  18.0  22.3   11:53  11.3   05:54   1.4   1.1   0.0   5.2  19.3   19:06   ESE
09  21.5  30.6   15:18  14.7   02:39   0.7   3.9   0.0   8.5  49.9   20:45   WNW
10  18.7  21.7   12:10  16.4   06:10   0.4   0.8   0.0   7.7  32.2   00:35   ENE
11  21.7  32.4   17:02  12.4   05:59   0.8   4.2   0.0   8.6  35.4   11:57   NNE
12  21.8  28.8   11:56  16.6   21:36   0.3   3.8   0.4  11.4  38.6   14:08   SSE
13  17.6  21.4   11:59  14.3   06:16   1.0   0.3   0.0   5.3  25.7   09:38   NNE
14  19.2  22.7   12:22  14.9   06:10   0.3   1.3   0.0   7.8  32.2   09:04     E
15  14.3  21.6   10:30   8.8   04:52   4.1   0.1   0.4   4.7  27.4   13:18     W
16  16.4  23.4   15:45  11.1   06:04   2.7   0.8   0.0   7.6  37.0   16:22    SW
17  16.0  22.7   13:46   7.2   05:22   3.3   1.0   0.0   6.1  38.6   20:13     W
18  19.9  26.3   15:12  13.2   23:58   1.0   2.6   0.0   8.5  49.9   21:28   WSW
19  14.3  20.5   13:40   8.4   23:51   4.2   0.2   0.0   9.5  43.5   16:57     S
20  14.0  19.6   13:28   6.0   06:12   4.4   0.1   0.0   6.0  20.9   13:02    SE
21  20.1  29.9   14:44  11.2   05:21   1.7   3.5   0.0   6.6  38.6   15:38   NNW
22  20.9  31.6   14:50  14.1   01:42   0.7   3.4   0.0   5.5  33.8   12:57     W
23  20.4  28.5   18:36  14.0   05:32   0.6   2.7   0.0   7.1  32.2   13:54    NE
24  19.3  23.4   15:06  14.6   05:12   0.7   1.6   0.0   5.6  22.5   15:55     E
25  24.8  39.5   15:39  13.9   06:26   0.4   6.9   1.0   7.6  40.2   13:12    NW
26  18.4  21.9   03:51  13.3   23:35   0.6   0.6   6.4   7.1  37.0   20:21   ESE
27  14.6  19.8   12:28   7.9   05:40   3.8   0.1   0.0  13.1  45.1   12:42   SSE
28  15.3  16.8   15:17  14.0   07:22   3.0   0.0   0.0  11.3  30.6   22:39   ESE
29  17.2  19.7   12:20  15.7   00:05   1.2   0.1  24.0  18.5  43.5   17:11    NE
30  21.1  29.5   14:30  17.6   23:38   0.1   2.9  12.2   9.4  40.2   00:00    NE
31  17.7  21.8   15:02  15.4   22:54   1.0   0.4   0.0   8.4  25.7   19:05     E
----------------------------------------------------------------------------------
    17.9  39.5    25     6.0    20    56.0  43.9  75.6   8.2  49.9     6     ESE

Max >=  27.0  8
Max <=   0.0  0
Min <=   0.0  0
Min <= -18.0  0
Max Rain: 24.0 on day 29
Days of Rain: 10 (>= 0.2 mm)  5 (>= 2.0 mm)  1 (>= 20.0 mm)
Heat Base: 18.3  Cool Base: 18.3  Method: Integration
This information is automatically generated, is not quality controlled and may not update in a timely manner. You accept all risks and responsibility for losses, damages, costs and other consequences resulting directly or indirectly from using this site and any information or material available from it. Tide data is not to be used for the purpose of port operation or general navigation..

Powered by Davis Vantage Pro2 (6163AU)  and   CumulusMX   v 3.19.3 (b3196)   MXUI Template v 2.2.4 by  Silver Acorn     Valid HTML5

BOM