NOAA-style Climate Reports

   V/Λ SELECT: Month and Year   OR  >   Month
V/Λ2022 > Jan Feb Mar Apr May Jun Jul Aug Sep Oct Nov Dec
V/Λ2021 > Jan Feb Mar Apr May Jun Jul Aug Sep Oct Nov Dec
V/Λ2020 > Jan Feb Mar Apr May Jun Jul Aug Sep Oct Nov Dec
V/Λ2019 > Jan Feb Mar Apr May Jun Jul Aug Sep Oct Nov Dec
                   Monthly Climatological Summary for May 2022

Name: Beaumaris Weather   City: Beaumaris   State: Tasmania
Elevation: 18 m  Lat: S 41° 25' 44"   Lon: E 148° 16' 21"

                  Temperature (°C), Rain (mm), Wind Speed (km/h)

                                      Heat  Cool        Avg
    Mean                              Deg   Deg         Wind                 Dom
Day Temp  High   Time   Low    Time   Days  Days  Rain  Speed High   Time    Dir
----------------------------------------------------------------------------------
01  17.2  19.6   11:47  13.7   00:00   1.2   0.1   0.0   8.2  40.2   23:53   NNW
02  18.2  21.9   13:35  16.7   05:07   0.7   0.6   0.0  10.3  38.6   11:25   NNW
03  17.3  21.8   12:36  13.9   18:55   1.5   0.5   0.0   9.6  40.2   10:43   NNW
04  14.7  19.1   10:24  10.5   23:44   3.6   0.0   0.0   6.0  29.0   08:53   NNW
05  10.8  15.3   11:42   7.2   06:02   7.5   0.0   3.8   4.7  33.8   14:24    SW
06  10.9  14.4   09:57   9.3   07:51   7.4   0.0  21.6   8.9  57.9   21:53   NNW
07  11.7  15.0   12:33   6.2   06:19   6.6   0.0   2.4   5.9  53.1   23:58   WSW
08  13.2  18.4   12:27   8.9   20:00   5.1   0.0   0.0   6.6  57.9   01:15    SW
09  11.5  16.7   13:01   7.3   04:21   6.7   0.0   0.0   3.2  16.1   12:12    NW
10  10.7  17.9   13:56   5.4   03:56   7.6   0.0   0.2   4.3  25.7   15:02    NW
11  12.7  18.0   12:03   7.6   03:28   5.6   0.0   0.0   3.4  19.3   14:51   NNE
12  14.5  16.4   11:01  11.7   00:19   3.8   0.0  10.0   2.3  16.1   18:22    SW
13  14.1  17.7   13:32  11.4   20:16   4.2   0.0   0.2   4.3  25.7   15:06     S
14  15.7  18.5   14:58  12.4   00:00   2.6   0.0   0.8   5.7  40.2   16:21   NNW
15  16.4  18.8   11:56  13.4   23:58   2.0   0.0   4.6  11.1  53.1   17:16   NNW
16  12.7  16.0   12:33   8.8   23:01   5.6   0.0   0.2   9.2  43.5   02:14    NW
17  12.5  16.5   12:41   9.6   01:19   5.8   0.0   0.0   8.7  48.3   14:26    NW
18  10.7  15.7   13:16   5.2   23:55   7.6   0.0   0.0   5.5  35.4   00:50   WNW
19   8.7  17.2   12:29   3.6   07:16   9.6   0.0   0.0   4.1  27.4   12:20   WSW
20   8.9  14.6   12:11   4.3   02:17   9.4   0.0   0.0   3.7  17.7   08:43   WSW
21  10.0  14.2   13:07   6.7   07:28   8.3   0.0   0.0   3.2  14.5   04:17    SW
22  10.9  14.3   13:43   7.7   00:19   7.4   0.0   0.0   2.4  14.5   11:39   WSW
23  10.0  15.8   11:40   5.1   21:33   8.3   0.0   0.0   4.3  19.3   04:12   WNW
24   9.9  14.7   11:39   6.5   01:16   8.4   0.0   0.0   4.3  22.5   08:22   WNW
25  11.0  15.8   10:42   6.2   06:29   7.3   0.0   0.2   3.6  17.7   17:51    NW
26  13.3  16.9   11:16  10.1   05:08   5.0   0.0   6.4   4.8  32.2   14:34     N
27  12.6  17.6   11:43   8.8   21:08   5.7   0.0   0.2   4.0  20.9   04:11   NNW
28   9.7  15.1   14:44   5.8   04:05   8.6   0.0   0.0   3.3  14.5   23:29     W
29  11.1  15.3   11:45   7.9   23:20   7.2   0.0   0.2   4.9  22.5   12:47   SSW
30   8.0  13.3   14:11   4.6   19:34  10.3   0.0   0.2   4.5  22.5   10:19   WSW
31   7.8  10.3   13:06   4.9   01:23  10.5   0.0   0.4   4.0  32.2   14:34   WSW
----------------------------------------------------------------------------------
    12.2  21.9     2     3.6    19   191.1   1.2  51.4   5.5  57.9     6     WNW

Max >=  27.0  0
Max <=   0.0  0
Min <=   0.0  0
Min <= -18.0  0
Max Rain: 21.6 on day 6
Days of Rain: 15 (>= 0.2 mm)  6 (>= 2.0 mm)  1 (>= 20.0 mm)
Heat Base: 18.3  Cool Base: 18.3  Method: Integration
This information is automatically generated, is not quality controlled and may not update in a timely manner. You accept all risks and responsibility for losses, damages, costs and other consequences resulting directly or indirectly from using this site and any information or material available from it. Tide data is not to be used for the purpose of port operation or general navigation..

Powered by Davis Vantage Pro2 (6163AU)  and   CumulusMX   v 3.19.3 (b3196)   MXUI Template v 2.2.4 by  Silver Acorn     Valid HTML5

BOM