NOAA-style Climate Reports

   V/Λ SELECT: Month and Year   OR  >   Month
V/Λ2022 > Jan Feb Mar Apr May Jun Jul Aug Sep Oct Nov Dec
V/Λ2021 > Jan Feb Mar Apr May Jun Jul Aug Sep Oct Nov Dec
V/Λ2020 > Jan Feb Mar Apr May Jun Jul Aug Sep Oct Nov Dec
V/Λ2019 > Jan Feb Mar Apr May Jun Jul Aug Sep Oct Nov Dec
                   Monthly Climatological Summary for Jul 2021

Name: Beaumaris Weather   City: Beaumaris   State: Tasmania
Elevation: 18 m  Lat: S 41° 25' 44"   Lon: E 148° 16' 21"

                  Temperature (°C), Rain (mm), Wind Speed (km/h)

                                      Heat  Cool        Avg
    Mean                              Deg   Deg         Wind                 Dom
Day Temp  High   Time   Low    Time   Days  Days  Rain  Speed High   Time    Dir
----------------------------------------------------------------------------------
01  11.0  16.9   12:07   5.5   23:35   7.3   0.0   0.2   4.8  29.0   11:22   NNW
02   8.7  16.4   13:45   4.0   05:10   9.6   0.0   0.2   2.9  16.1   13:16    NW
03   8.6  13.7   13:40   3.3   20:42   9.7   0.0   0.8   4.1  35.4   09:51   NNW
04   8.0  13.1   14:27   3.7   04:13  10.3   0.0   0.0   4.4  33.8   13:40    NW
05   7.9  13.4   12:30   3.9   07:39  10.4   0.0   0.0   3.8  19.3   21:19     W
06   8.5  13.8   11:22   3.7   07:43   9.8   0.0   0.2   5.2  33.8   13:54   SSW
07   5.6  10.5   12:50   1.4   21:48  12.7   0.0   0.0   4.3  22.5   13:25    SW
08   4.3  10.2   12:44   0.1   07:26  14.0   0.0   0.2   3.6  16.1   21:10   WSW
09   7.2  12.4   14:23   3.5   03:03  11.1   0.0   0.0   4.3  19.3   00:37   WSW
10   8.6  14.2   12:43   5.7   04:16   9.7   0.0   0.0   3.6  16.1   05:33   WSW
11   8.2  15.0   13:38   4.4   22:01  10.1   0.0   0.2   4.6  24.1   14:16    NW
12  10.4  15.7   12:34   4.9   00:00   7.9   0.0   0.2   4.6  19.3   22:27   NNW
13  12.0  15.7   12:30   8.2   01:54   6.3   0.0   0.0   6.7  32.2   15:15   NNW
14  10.9  14.6   12:31   6.0   23:14   7.4   0.0   0.0   4.0  20.9   11:44   NNW
15  10.2  15.1   12:29   4.8   02:23   8.1   0.0   1.2   4.6  24.1   12:38     N
16  10.7  14.8   12:22   6.9   23:57   7.6   0.0   0.6   5.6  20.9   13:14   NNW
17   8.6  14.6   14:06   3.8   04:47   9.7   0.0   0.0   3.3  19.3   20:06     W
18   9.0  14.9   13:15   4.8   05:06   9.3   0.0   0.0   3.2  24.1   10:56     W
19  10.2  14.6   12:57   3.7   05:29   8.1   0.0   0.2   5.8  30.6   08:26    NW
20   9.5  13.7   12:32   6.6   22:50   8.8   0.0   1.0   7.2  38.6   23:08   WSW
21   8.4  14.9   14:25   2.3   07:05   9.9   0.0   0.0   4.3  30.6   00:16    NW
22   8.7  15.4   12:43   2.2   05:32   9.6   0.0   0.0   4.4  24.1   12:48    NW
23   9.0  14.9   12:00   3.9   22:56   9.3   0.0   0.0   3.8  22.5   14:24   NNW
24   8.8  14.1   11:51   4.1   01:08   9.5   0.0   1.2   8.6  38.6   19:48   NNW
25   7.1  11.6   11:42   0.7   23:27  11.2   0.0   0.6   5.5  32.2   11:48   WNW
26   8.8  15.3   13:45  -0.9   05:29   9.5   0.0   0.0   7.9  40.2   19:49   NNW
27  13.7  16.3   13:24  10.7   18:03   4.6   0.0   1.4   9.0  33.8   22:09   NNW
28  11.8  14.4   12:33   9.4   21:05   6.5   0.0   4.2  14.3  56.3   07:26   NNW
29  10.1  15.0   14:27   5.6   04:58   8.2   0.0   0.2   5.4  33.8   06:56   WNW
30  10.8  15.0   10:29   4.5   03:01   7.5   0.0   0.0   8.7  41.8   13:47   NNW
31  12.6  16.8   13:50   7.8   01:00   5.7   0.0   0.4   9.4  41.8   12:52   NNW
----------------------------------------------------------------------------------
     9.3  16.9     1    -0.9    26   279.4   0.0  13.0   5.5  56.3    28      NW

Max >=  27.0  0
Max <=   0.0  0
Min <=   0.0  1
Min <= -18.0  0
Max Rain: 4.2 on day 28
Days of Rain: 17 (>= 0.2 mm)  1 (>= 2.0 mm)  0 (>= 20.0 mm)
Heat Base: 18.3  Cool Base: 18.3  Method: Integration
This information is automatically generated, is not quality controlled and may not update in a timely manner. You accept all risks and responsibility for losses, damages, costs and other consequences resulting directly or indirectly from using this site and any information or material available from it. Tide data is not to be used for the purpose of port operation or general navigation..

Powered by Davis Vantage Pro2 (6163AU)  and   CumulusMX   v 3.19.3 (b3196)   MXUI Template v 2.2.4 by  Silver Acorn     Valid HTML5

BOM